ors of 108870058.
2, 11, 37, 79, 1693
What are the prime factors of 3395061837?
3, 587, 214213
List the prime factors of 7214798171.
7, 23, 389, 2351
What are the prime factors of 53899202?
2, 7, 3849943
What are the prime factors of 40742988?
2, 3, 11, 13, 23743
List the prime factors of 1417099794.
2, 3, 11, 21471209
List the prime factors of 6323400630.
2, 3, 5, 70260007
What are the prime factors of 1416329803?
7, 179, 1130351
List the prime factors of 100080248.
2, 953, 13127
List the prime factors of 134342480.
2, 5, 1679281
List the prime factors of 1543421888.
2, 3121, 7727
List the prime factors of 34533934.
2, 17266967
List the prime factors of 210746434.
2, 105373217
List the prime factors of 57586058.
2, 41, 702269
List the prime factors of 29398626.
2, 3, 241, 251
What are the prime factors of 176647895?
5, 263, 134333
What are the prime factors of 23291092?
2, 11, 529343
What are the prime factors of 6918851656?
2, 11317, 76421
What are the prime factors of 2249515?
5, 23, 31, 631
List the prime factors of 213043788.
2, 3, 5917883
List the prime factors of 958043661.
3, 319347887
List the prime factors of 146309743.
146309743
What are the prime factors of 6806656155?
3, 5, 13, 359, 97231
What are the prime factors of 87793551?
3, 1083871
List the prime factors of 521963597.
17, 30703741
List the prime factors of 1460812599.
3, 162312511
List the prime factors of 2582424131.
7, 368917733
List the prime factors of 3786758397.
3, 140250311
List the prime factors of 45380881.
7, 13, 498691
What are the prime factors of 912830815?
5, 13, 1321, 10631
List the prime factors of 5415387.
3, 47, 193, 199
What are the prime factors of 1677316389?
3, 7, 79872209
What are the prime factors of 107441861?
2917, 36833
What are the prime factors of 83774951?
13, 151, 42677
List the prime factors of 59978510.
2, 5, 53, 113167
What are the prime factors of 36680336?
2, 7, 11, 19, 1567
What are the prime factors of 1133863222?
2, 566931611
List the prime factors of 254934801.
3, 11, 71, 36269
What are the prime factors of 37272524?
2, 9318131
List the prime factors of 1683698009.
7, 31, 7758977
List the prime factors of 904890142.
2, 13, 1031, 33757
What are the prime factors of 429730032?
2, 3, 571, 15679
List the prime factors of 4339578542.
2, 13, 17, 9818051
List the prime factors of 2457102131.
11, 6781, 32941
What are the prime factors of 169800787?
13, 13061599
What are the prime factors of 6758970684?
2, 3, 563247557
What are the prime factors of 185410011?
3, 2953, 20929
What are the prime factors of 2366461314?
2, 3, 7, 157, 119627
List the prime factors of 16545458.
2, 307, 26947
List the prime factors of 127994028.
2, 3, 10666169
What are the prime factors of 388442106?
2, 3, 13, 149, 857
What are the prime factors of 2927224778?
2, 19, 71, 127, 8543
What are the prime factors of 18504997?
7, 377653
List the prime factors of 276224251.
5101, 54151
List the prime factors of 766589672.
2, 95823709
List the prime factors of 877520049.
3, 7, 43, 971783
What are the prime factors of 3057795092?
2, 11, 73, 269, 3539
What are the prime factors of 713247669?
3, 19, 457, 9127
What are the prime factors of 473044177?
14923, 31699
List the prime factors of 42522444.
2, 3, 269, 4391
List the prime factors of 279049845.
3, 5, 18603323
What are the prime factors of 641234994?
2, 3, 106872499
What are the prime factors of 136615244?
2, 19, 389, 4621
List the prime factors of 1686525973.
11, 153320543
List the prime factors of 158353667.
617, 256651
What are the prime factors of 38134186?
2, 89, 214237
List the prime factors of 6157575361.
7, 43, 4261, 4801
What are the prime factors of 2216203660?
2, 5, 11, 43, 234271
What are the prime factors of 507573089?
507573089
What are the prime factors of 3495156304?
2, 67, 3260407
What are the prime factors of 123262062?
2, 3, 7, 11, 266801
What are the prime factors of 66357778?
2, 33178889
List the prime factors of 389175886.
2, 11, 43, 47, 8753
What are the prime factors of 143517876?
2, 3, 17, 41, 17159
List the prime factors of 64616221.
269, 240209
List the prime factors of 1200979761.
3, 257, 829, 1879
List the prime factors of 1681219521.
3, 186802169
List the prime factors of 2854235569.
10889, 262121
List the prime factors of 1291909611.
3, 17, 67, 378083
List the prime factors of 98303090.
2, 5, 239, 41131
List the prime factors of 36924560.
2, 5, 59, 7823
List the prime factors of 959912255.
5, 47, 397, 10289
List the prime factors of 85413801.
3, 11, 2588297
List the prime factors of 132202254.
2, 3, 22033709
List the prime factors of 46448321.
1277, 36373
What are the prime factors of 4292069139?
3, 4967, 96013
List the prime factors of 1822459935.
3, 5, 2351, 51679
List the prime factors of 463151834.
2, 231575917
List the prime factors of 329907018.
2, 3, 7, 229, 34301
What are the prime factors of 102751086?
2, 3, 499, 34319
What are the prime factors of 1157267694?
2, 3, 11, 19, 922861
What are the prime factors of 54241643?
54241643
List the prime factors of 284789991.
3, 59, 383, 4201
List the prime factors of 2865139976.
2, 89, 4024073
List the prime factors of 986061666.
2, 3, 164343611
What are the prime factors of 114177149?
114177149
List the prime factors of 1148385129.
3, 6101, 62743
What are the prime factors of 412884266?
2, 206442133
What are the prime factors of 1687758580?
2, 5, 1069, 78941
What are the prime factors of 721022505?
3, 5, 7, 29, 33827
What are the prime factors of 937432880?
2, 5, 71, 165041
List the prime factors of 12891474.
2, 3, 17, 31, 151
What are the prime factors of 160192782?
2, 3, 2966533
List the prime factors of 14367962.
2, 7, 23, 44621
What are the prime factors of 3703007575?
5, 17, 397, 1291
List the prime factors of 1482693475.
5, 1307, 45377
List the prime factors of 5135917777.
29, 31, 53, 107791
List the prime factors of 144190854.
2, 3, 227, 1307
What are the prime factors of 176597146?
2, 11, 1423, 5641
What are the prime factors of 32994767?
13, 2538059
What are the prime factors of 25847422?
2, 12923711
What are the prime factors of 252007288?
2, 13, 2423147
What are the prime factors of 126295903?
126295903
What are the prime factors of 119186550?
2, 3, 5, 7, 157, 241
List the prime factors of 44665626.
2, 3, 29, 256699
What are the prime factors of 2848703953?
19, 149931787
List the prime factors of 79094116.
2, 251, 78779
List the prime factors of 781140.
2, 3, 5, 47, 277
List the prime factors of 18691346.
2, 2069, 4517
List the prime factors of 19356722.
2, 7, 11, 125693
What are the prime factors of 632575588?
2, 19, 8323363
What are the prime factors of 34369554?
2, 3, 607, 9437
List the prime factors of 185474462.
2, 79, 157, 7477
What are the prime factors of 50118075?
3, 5, 7, 10607
List the prime factors of 12007917.
3, 883, 1511
What are the prime factors of 160483663?
160483663
What are the prime factors of 335115585?
3, 5, 7, 479, 2221
What are the prime factors of 602009987?
31, 53, 366409
List the prime factors of 1427040453.
3, 31, 127, 120823
What are the prime factors of 901774524?
2, 3, 7, 23, 47, 9931
What are the prime factors of 142863942?
2, 3, 13, 1831589
What are the prime factors of 54816973?
54816973
List the prime factors of 2502628321.
23, 7129, 15263
List the prime factors of 100348666.
2, 11, 47, 107, 907
List the prime factors of 11823872.
2, 46187
List the prime factors of 40927800.
2, 3, 5, 68213
List the prime factors of 34196226.
2, 3, 5699371
What are the prime factors of 65615969?
65615969
List the prime factors of 207835072.
2, 19, 67, 2551
List the prime factors of 3997884197.
97, 41215301
What are the prime factors of 143480008?
2, 7, 2562143
What are the prime factors of 108814684?
2, 11, 859, 2879
List the prime factors of 4090063892.
2, 47, 21755659
What are the prime factors of 140256050?
2, 5, 11, 271, 941
List the prime factors of 1141872265.
5, 311, 337, 2179
What are the prime factors of 1277805490?
2, 5, 13, 9829273
List the prime factors of 270934021.
270934021
What are the prime factors of 5082407084?
2, 16061, 79111
What are the prime factors of 165159197?
7, 23594171
List the prime factors of 32296359.
3, 10765453
What are the prime factors of 106316031?
3, 35438677
What are the p